y**2 + 3*y**3 - 4*y**3 - 2. Let v(r) = -r + 7. Let n(j) = 8. Let q(h) = 3*n(h) - 2*v(h). Let w be q(-2). Give m(w).
7
Let u be (-2)/(-9) + (-4)/18. Let f(x) = -x**3 - x**2 - 2*x - 2. Let b(t) = -2*t**3 - 2*t**2 - 3*t - 3. Let n(a) = 2*b(a) - 3*f(a). What is n(u)?
0
Let k(s) = 2*s + 31. Let p be k(-16). Let w(y) be the second derivative of -y**4/3 - y**2/2 - 8*y. What is w(p)?
-5
Let c = 0 + 0. Let x(q) be the second derivative of -1/20*q**5 + 0 - 6*q + 0*q**4 + q**2 - 1/6*q**3. Determine x(c).
2
Let c(a) be the second derivative of a**5/10 + a**4/12 - a**3/6 - 2*a + 24. Suppose -2*n - 6 = 0, -5*u + 2*n + 0 = -11. Calculate c(u).
2
Let t(z) = z**2 + 366*z - 364*z + z**3 + 13 + 10 + 1. Give t(0).
24
Let m = -13 - -16. Let r(f) = -4 + m - 5*f**2 - 5*f + 0 - 1 + f**3. Let p be 132/21 - 8/28. What is r(p)?
4
Let a(t) = 5*t - 17. Let y(c) = c - 4. Let h(v) = -2*a(v) + 9*y(v). Suppose -6 = 3*i + 4*r - 17, -4*r + 9 = i. Suppose 3*b - i = -1. What is h(b)?
-2
Let w(o) = o - 2. Let y be 0 - (-2 + (0 - -8)). Let f be -3*(-1 + 1 + y). Suppose f = -3*b + 6. What is w(b)?
-6
Let c(u) = -2*u**2 + 17. Let d be c(-3). Let t(r) = 19*r**3 - 1. Calculate t(d).
-20
Let h(w) = -w**2 + w - 4. Let g(u) = -u - 1. Let r(a) = -2*g(a) - h(a). Calculate r(-5).
26
Let w(x) = -5*x + 3. Suppose 4*l = -20 + 80. Let f be (4*12/40)/(6/l). Give w(f).
-12
Let w(k) = 2 - k**3 - 4*k**2 + 3 - 7*k - 3*k - 4 + 8*k. Give w(-4).
9
Let a(v) = -3*v**3 + 266*v - v**2 + 6*v**2 - 266*v + 5 + 2*v**3. Determine a(4).
21
Let g(p) = p**3 - 5*p**2 + p - 3. Let d be g(5). Suppose 3*m + 9 = d*m - 3*l, 20 = -4*l. Suppose -5*o = m + 4. Let f(v) = v**3 + v**2 - 2*v + 1. Calculate f(o).
1
Let i(a) = -2*a**2 - 19*a - 10. Let h(n) = n**2 + 10*n + 5. Suppose 2*q - 10 + 3 = 3*j, 4*j = -3*q + 19. Let o(y) = q*h(y) + 3*i(y). Give o(-5).
5
Let p(z) = z + 7. Let t(d) = -3*d - 16. Let a(b) = 5*p(b) + 2*t(b). Calculate a(1).
2
Let h(g) = 14*g**2 - 1. Suppose 0 = 2*v - 0 + 2. Calculate h(v).
13
Let k = 2378 + -2388. Let q(m) = -m**3 - 9*m**2 + 10*m + 15. Give q(k).
15
Let g(a) = a**3 - a**2 - a - 6. Suppose -1 = 2*t - 3. Let n be (-1)/(2/(-4)) - (3 - t). Determine g(n).
-6
Let u(t) = t**2 + 21*t - 45. Let z be u(-23). Let p = 4 - 2. Let i(s) = -s + 4*s**p - s + 1 + 0. Give i(z).
3
Let i(f) = 3*f**3 - 16*f**2 - 10*f - 14. Let y be i(6). Let b(r) = 11*r + 18. Determine b(y).
-4
Let r = -26 - -21. Let k(c) = c**3 + 7*c**2 + 12*c + 4. Let s be k(r). Let i(b) = 2*b + 0*b**2 - b**3 + 1 + 7*b - 5*b**2. Give i(s).
-17
Let x(a) be the first derivative of -a**4/4 - 5*a**3/3 - 2*a**2 + 368. Calculate x(-4).
0
Let b(r) be the second derivative of 0 + 3*r - 1/24*r**4 - r**2 - 1/6*r**3. Let q(f) be the first derivative of b(f). Calculate q(-1).
0
Let r(x) = -595*x + 197*x + 196*x + 196*x + 20. Give r(4).
-4
Suppose 3*f = -4*z - 5, -2*z - 2 = 4*f + 8. Let l(c) be the third derivative of -c**5/20 - c**4/24 - 3*c**2. Calculate l(z).
-4
Let o(k) = 9*k - 7*k - k. Let u(n) = -4*n + 2. Let c(m) = -5*o(m) - u(m). What is c(4)?
-6
Let b be 1/(-2) - (-7)/2. Let s(r) = -r + 5*r - r**3 + 6*r + r**2 - 7*r. Determine s(b).
-9
Suppose 2*c + 4 - 10 = 0. Let s(a) be the first derivative of -2*a**3/3 + 5*a**2/2 - 2*a - 2. Determine s(c).
-5
Let d be (-17)/(-1) + (3 - (5 + -3)). Suppose -22*l = -d*l - 4. Let r(h) = -h**3 + h**2 - 2*h + 1. Calculate r(l).
-1
Let h(z) = -2*z - 13. Let q be ((-48)/28)/(-4*(-3)/(-42)). Determine h(q).
-25
Let u(f) = f**3 + 11*f**2 + 7*f - 25. Let w = 938 + -948. Determine u(w).
5
Suppose -60 = -2*s - 5*u - 95, -4*s + 2*u - 10 = 0. Let p(i) = -2*i**2 - 3*i + 1. Give p(s).
-34
Let o be (-9)/(-6) + 3/(-6). Let h(n) = 0 + 1 - 3*n + 2*n + o. Suppose -17 = 4*x - 41. Calculate h(x).
-4
Let z(x) = -6*x - 1. Let t be (9 - 18) + 16 + -1. Let n = 5 + 0. Suppose -2*g - 4*o - 24 = -t*g, 0 = n*o + 20. Determine z(g).
-13
Let w(d) = -d**3 + 4*d**2 + 7*d - 7. Let b = -3 - -3. Let g = 0 - b. Let c(r) = -r**2 - r + 5. Let q be c(g). Calculate w(q).
3
Let s(q) = 57 - q - q**3 - 15 - 19 - 23. Let f = 4 - 2. Calculate s(f).
-10
Let o(n) = -n**2 - 2*n. Let q be 6/(-16 + 4)*0. Determine o(q).
0
Let n(x) = 2*x - 7. Let j be n(6). Suppose 2*p = -2*i + 8, 3*p - 4*i = -0*p + 5. Let h(z) = p + z**2 - 16*z - 23*z + 33*z. Calculate h(j).
-2
Suppose 3*n + 57 = 3*b - 33, -2*b = 5*n - 32. Suppose -f - 18 = -b. Let i(d) be the first derivative of d**4/4 - 7*d**3/3 - 5*d**2 + 10*d - 2. Calculate i(f).
-6
Let d = 3 + -6. Let j(c) = -4*c**2 + 1 - 7*c + 2*c**3 + 3*c - 3*c**3 + 2*c. Determine j(d).
-2
Let z(p) = 14*p**2 + 2*p + 2. Let j = -1539 - -1538. Calculate z(j).
14
Let d(x) = x**3 + 6*x**2 - 29*x - 21. Let l be d(-9). Let f(m) = m**3 + 4*m**2 + 6*m + 2. Give f(l).
-7
Let m(w) = w**2 + w + 2. Suppose -5*z + 3*z + 10 = 0, -h - 10 = -2*z. Give m(h).
2
Let g(j) = 2 + 8*j + 189*j**2 - 71*j**2 - 56*j**2 - 1 - 64*j**2. Calculate g(5).
-9
Let z(x) = x**2 - 10*x - 15. Let t be 39/(-13)*11/(-3). Calculate z(t).
-4
Suppose -34*x - 11*x + 405 = 0. Let c(w) = w**2 - 9*w - 10. Give c(x).
-10
Suppose 0 = 2*v + 1 + 5. Let d(h) be the third derivative of -h**4/24 + h**3/6 - 12*h**2. Let c(k) = -4*k + 4. Let b(s) = c(s) - 3*d(s). What is b(v)?
4
Let k(l) = 15*l**2 + 0*l + l + 6*l**3 - 7*l**3 - 7 + 2*l**3 - 21*l**2. Calculate k(6).
-1
Let r = -1800 - -1794. Let b(y) = -y - 18. Determine b(r).
-12
Let t be 6/6 + 1/1. Let s(f) = 1. Let g(a) = a + 1. Let r(u) = t*g(u) - 3*s(u). Give r(-1).
-3
Let o(c) = c + 8. Let p(u) = u + 15. Let v(h) = -5*o(h) + 3*p(h). Suppose 36 = m + 5*m. Suppose -26 = -m*s + 4. What is v(s)?
-5
Suppose w = 4*h - 25, 0*w - 3*h = -2*w - 25. Let i(k) = k + 1. Let v(l) = l + 2. Let s(u) = w*i(u) + 3*v(u). Let a(o) = 2*o + 8. Let j be a(-5). Calculate s(j).
5
Let m(h) be the third derivative of h**4/6 + h**3/6 + 110*h**2. Determine m(5).
21
Let r = 44 - 44. Suppose -s - 4 + 0 = -2*g, -2*g + 10 = r. Let j(a) = -a**2 + 6*a - 5. Determine j(s).
-5
Suppose -4*j = -129 + 25. Let s(c) = -21 - j + 46 - 2*c. Give s(6).
-13
Let o(b) be the third derivative of -b**5/60 - b**3/6 - 64*b**2. Let l = -9 - -7. Let k = -4 - l. What is o(k)?
-5
Let v(q) be the third derivative of 0 - 15*q**2 + 1/3*q**3 + 0*q + 1/12*q**4 - 1/30*q**5. Determine v(2).
-2
Let n(p) = -p**3 - 2*p**2. Let u = -292 - -291. What is n(u)?
-1
Let k = -8 - -1. Let c(m) be the second derivative of m**5/20 + m**4/2 - 3*m**3/2 - 9*m**2/2 - 45*m. Determine c(k).
5
Let u(s) = s**2 + 13*s + 9. Let l be 1 - 24/20*(-5 - -15). Calculate u(l).
-13
Let w(j) = -j**2 + 0 + 5 + 151*j - 140*j. What is w(5)?
35
Suppose -84 = 24*o - 31*o. Let x(z) = -z**2 + 11*z + 11. What is x(o)?
-1
Let r(i) = -6*i**2 - 2*i - 2. Suppose 2*h = -5*c - 8, -c + 30 = -h + 33. Determine r(c).
-22
Let r be (2 - (-6)/27) + (-44)/198. Let q(u) be the third derivative of 0*u - 1/12*u**5 - 5/6*u**3 + 1/120*u**6 - 5*u**r - 7/24*u**4 + 0. Calculate q(6).
-11
Let q(v) = 3*v - 23. Suppose 0 = -p + 3*r - 9, 2*p + 12*r - 16*r = -12. Give q(p).
-23
Suppose -x + 1 = -1. Suppose x = -4*c + 6. Let a(k) = 0*k + c + 1 - 3 - k. Give a(-6).
5
Let h(l) = 18 - 109*l**2 + 108*l**2 + 6*l + 0. Give h(8).
2
Let s(u) = u - 29. Let r(l) = l**3 + 41*l**2 + 35*l - 200. Let f be r(-40). What is s(f)?
-29
Let n be (-4 - -1 - -4)*(3 + 0). Let l(d) = -5 + 4*d - 4*d + n*d + 0*d. Calculate l(7).
16
Let i(c) = c**3 + 5*c**2 - c + 1. Let r be (1 - 1) + (-1 - -76). Let j = 70 - r. Determine i(j).
6
Let r be 242/(-14) - 14/(-49). Let o = r + 20. Let d(j) = -j**2 - 3*j + 2. Calculate d(o).
-16
Let s = -31 - -34. Let b(k) = -7*k + 6 + 6*k + s*k. Give b(-4).
-2
Let u(z) = -4*z + 1. Let y(n) = 3*n - 2. Suppose 12 = 3*l, 10 = f + 4*l - 8. Let m(j) = f*u(j) + 3*y(j). What is m(-4)?
-8
Let n be 1/((-10)/(-4)) - (-13)/5. Suppose -m - 4*g = -1, -n*m - 11 = 2*g - 4*g. Let t(k) = -4*k - 3. Determine t(m).
9
Let u = -77 - -160. Let q(d) = -30*d**2 - 29*d**2 - 1 + u*d**2 - 21*d**2. What is q(1)?
2
Let d(a) = -3*a - 5. Let x(k) = -k**3 - 7*k**2 - 2*k + 19. Let c = -64 - -58. Let v be x(c). Calculate d(v).
10
Let n be (-3 - -2)*(-8 - -10). Let r(q) = q**2 + q + 1. Let b(k) = k**2 + k + 3. Let z(d) = b(d) - 4*r(d). Determine z(n).
-7
Let s(h) = h - 12. Suppose 13 = t - 2*i, -t + 4*i + 40 = 3*t. Suppose -t*r + 8*r - 9 = 0. Give s(r).
-3
Let l(n) = -n**2 + 4*n. Suppose 0 = 4*p + 8, 